 8/(224/(-12)) + (-9710)/(-35). Suppose z = 2*k - 199. What are the prime factors of k?
2, 7, 17
Let r be (-6*423/(-54))/(1 + 0). Suppose 0 = r*g - 12*g - 41965. List the prime factors of g.
11, 109
Let a(u) = 182*u**2 - 171*u + 89. List the prime factors of a(-14).
5, 13, 587
Let a(d) = -31*d**2 - 2*d - 6. Let s(y) = -32*y**2 - 2*y - 7. Let o(c) = -5*a(c) + 4*s(c). Let h be o(-2). Let i = 152 - h. What are the prime factors of i?
2, 23
Let o = -756 + 454. Let w = 470 + o. Let p = w - 72. What are the prime factors of p?
2, 3
Let x(r) = 2884*r - 783. List the prime factors of x(4).
10753
Let j be 22/8 + 2/8. Suppose 114*d + 835 = -2813. List the prime factors of j*(-20)/15 - d.
2, 7
Let z(o) = -5*o**3 - 12*o**2 - 24*o - 1. List the prime factors of z(-9).
2, 19
Suppose -3*a - a = -12. Suppose -4*s + j = -18 + 3, a = 3*j. Suppose -3*o - 160 + 587 = s*x, -2*x + 3*o = -209. List the prime factors of x.
2, 53
Let h = 7273 + -4193. List the prime factors of h.
2, 5, 7, 11
Let k be 14/(-21)*27/(-2). List the prime factors of (4 - 34/9) + 11617/k.
1291
List the prime factors of -2 + (14909180/198 - (0 - 4/36)).
3, 19, 1321
Let b(h) = 229*h**2 - 16*h - 460. What are the prime factors of b(-9)?
18233
What are the prime factors of (-2 - 59112/(-54)) + (-1)/(-3)?
1093
Let k(v) = v - 46. Let q be k(8). Let y be (-262)/(-13) + q/247. Suppose 4*i = -0*i + y. What are the prime factors of i?
5
Let z = 2314 - 779. Suppose -7*a + 3*a = -12, 0 = 5*w - 5*a - z. Let d = w - 200. What are the prime factors of d?
2, 5, 11
Suppose 0 = 79*o + 260879 - 626807. What are the prime factors of o?
2, 3, 193
Let i(l) = l**3 + 13*l**2 + 19*l + 54. Let c be (-57)/6 + 2*4/(-16). List the prime factors of i(c).
2, 41
Suppose 2*f - 4*f = 5*c - 4, -c = -f - 12. What are the prime factors of (-24 - 0)*f/6?
2
Let l(u) = -u**3 + 22*u**2 + 16*u + 165. Let k be l(23). Suppose 1352 = k*q + b, -b - 776 = -2*q - 106. What are the prime factors of q?
337
Let t(f) = 5*f - 15 + 12 + 4*f - 16. Let v be t(-14). Let k = 243 + v. List the prime factors of k.
2, 7
Let s = -14064 - -29936. List the prime factors of s.
2, 31
Let j(r) = -225*r + 7016. List the prime factors of j(-52).
2, 4679
What are the prime factors of ((-5072944)/(-834))/(4/6)?
2, 2281
Let v = -25998 + 43851. List the prime factors of v.
3, 11, 541
What are the prime factors of 24/(-9) - 408315/(-45)?
47, 193
Let k = 14301 + -8378. What are the prime factors of k?
5923
Let v(f) = f**3 + 14*f**2 - 2. Let x(m) = 3*m - 42. Let h be x(9). Let l be v(h). Let i = l + 413. List the prime factors of i.
2, 3, 31
Let l = -450 + 5068. List the prime factors of l.
2, 2309
Suppose -s - 5*q + 14 = 0, 6*s - 2*s = 5*q + 156. Let r(u) = 25*u + 60. What are the prime factors of r(s)?
2, 5, 7, 13
Let n(p) = -2*p**2 - 12*p + 53. Let o be n(-17). Let z = 1293 + o. What are the prime factors of z?
2, 3
Suppose -3*u + 3*a = -1437, -9*u + 1922 = -5*u - a. Suppose -2*p + 3*z + u = 0, 8*z = -2*p + 5*z + 475. List the prime factors of p.
239
Let w(h) = h - 21. Let d be w(-5). Let g(r) = 14*r - 156. Let q(c) = 5*c - 52. Let b(z) = -4*g(z) + 11*q(z). List the prime factors of b(d).
2, 3, 13
Let o(c) = 43*c**2 + 15*c - 298. What are the prime factors of o(16)?
2, 3, 5, 73
Let w be (-178)/(-1)*(35 + 21). Suppose -8*p + 0 = -w. What are the prime factors of p?
2, 7, 89
Let z be 6 + (6 + 6)/(-4). Suppose -f + z*h = -339, 4*h + 1631 = 5*f + 5*h. List the prime factors of f.
3, 109
Suppose -6*s - 5265 = -19*s. Suppose -8*k = -4*k + 12, -3*k - s = -2*p. List the prime factors of p.
2, 3, 11
Let m(b) be the first derivative of b**2 + 146*b - 207. What are the prime factors of m(17)?
2, 3, 5
Suppose -5*a = -0*a - 45. Suppose a = g - 257. Let p = g - 44. List the prime factors of p.
2, 3, 37
Let d = -967 + 483. Let v = d + 860. List the prime factors of v.
2, 47
Let s(k) = -30*k + 1. Let t(c) be the third derivative of -c**5/60 + c**4/12 + c**3/3 - 8*c**2. Let i be t(3). List the prime factors of s(i).
31
List the prime factors of (72/(-252))/(1 + (-106324)/106316).
3797
What are the prime factors of (1232/(-33)*3 + -5)/(12/(-200))?
2, 3, 5, 13
Suppose 4*d + 266 = d - 2*g, 5*g = 4*d + 370. Let b = d + 146. Suppose 0 = 3*q + 3*w - 13 - b, -115 = -5*q + 4*w. List the prime factors of q.
23
Let v = -80 - -82. Let w(n) = 23*n**2 - 4*n + 4. What are the prime factors of w(v)?
2, 11
Suppose -i = -5*x + 11, 5*i - 2 = -3*x - 1. Suppose -4*v = -x*y + 192, 8*y - 3*y - 5*v - 465 = 0. What are the prime factors of y?
2, 3, 5
Suppose -2*m - 3 = h, -2*m = 4*h - 5*m - 32. Suppose 0*r = -4*q + 2*r - 28, -h*q = 4*r + 48. What are the prime factors of (147 - 2)/1 - (q + 4)?
149
Let g = 1259 - 3815. Let q = -1685 - g. What are the prime factors of q?
13, 67
Let o(b) = b**2 + 5*b - 15. Let n(l) = -2*l**2 - 4*l + 16. Let a(y) = 2*n(y) + 3*o(y). Let m be a(11). Let i = 135 - m. What are the prime factors of i?
2, 3
Suppose -106*y + 33*y = 40*y - 23504. What are the prime factors of y?
2, 13
Let l(t) = t**2 + 29 - 8*t - 3 + 0 - 16*t - 10. What are the prime factors of l(-11)?
401
Let c(z) = 6 + 4*z**3 + 8*z + 0 - 34*z**3 - z**2 + 0. List the prime factors of c(-3).
3, 29
Let m(j) = -174*j - 362. List the prime factors of m(-16).
2, 7, 173
Let j(i) = -2*i**2 - 34*i + 33. Let f be j(-22). What are the prime factors of -9 - -7 - (f - (5 + -2))?
2, 47
Let t(n) = 2*n - 62. Let w be t(15). Let b = 93 - w. List the prime factors of b.
5
Let f = -561 + 2619. List the prime factors of f.
2, 3, 7
Suppose -5*h - 130 + 575 = 0. Let g = h - 93. What are the prime factors of (-2282)/(-10) + -3*g/(-60)?
2, 3, 19
Let t = 645 - 664. Let p(y) be the second derivative of -y**4/12 - 7*y**3/2 + 29*y**2 - 2*y. List the prime factors of p(t).
2, 3
Let m = 7142 - 3505. Suppose 4*u + m = 7*u + 4*i, -4*u = 4*i - 4844. List the prime factors of u.
17, 71
Let w = 1 + 1. Let d = 2113 - 1297. Suppose w*s - 1 = -5, 2*s - d = -5*x. List the prime factors of x.
2, 41
Suppose -1289 = -3*a - 419. Suppose 0 = -y - v + a, -v = -y + 3*v + 275. What are the prime factors of y?
7, 41
Let i = -67 - -47. Let t be 4/((i/485)/(-2)). Suppose -7*x + 646 = -t. List the prime factors of x.
2, 3, 5
Let c(q) = 47993*q**3 + 5*q**2 + 16*q - 17. What are the prime factors of c(1)?
3, 5333
Suppose -276 = 5*r + 69. Let u = 11 - r. List the prime factors of u.
2, 5
Let s = 6820 + 1176. What are the prime factors of s?
2, 1999
Let b = -135 + 140. Suppose 0 = -j - b*z + 3*z + 15, 2*z = 4*j - 20. Suppose 0*q + j*q - 903 = 0. List the prime factors of q.
3, 43
Let y = -9 - -61. Suppose 40 = 4*d + 4*h - y, -29 = -d - 4*h. Suppose 4*v = -3*v + d. List the prime factors of v.
3
Let t(u) = -u**3 + u**2 - 5*u - 2. Let l(k) = 2*k**2 + 4*k + 4. Let i be l(-2). Let c be t(i). Let m = -27 - c. What are the prime factors of m?
43
What are the prime factors of 430/(-5375) + 331427/25?
3, 491
Let z be 122/5*(3145/250 - 30/375). Suppose 4*q + 2*l - 27 = -3, -3*q = 3*l - 24. Suppose -q*v = -247 - z. List the prime factors of v.
2, 3, 23
Let u = 21089 + -16592. List the prime factors of u.
3, 1499
Suppose -2*g - 4*a + 8750 = 0, -4*g = 17*a - 13*a - 17500. List the prime factors of g.
5, 7
Let z be ((-10)/(-1))/((-52)/(-338)). Let u = z - 62. Suppose 261 = u*d + 48. What are the prime factors of d?
71
Let w = 675 + -477. Suppose 2*i - 99 = n + 324, i + 4*n = w. List the prime factors of i.
2, 3, 5, 7
Let t(d) = -d**3 + 3*d**2 - 2. Let w be t(3). Let h be 7*(w - (0 - 1)). What are the prime factors of 641/6 + h/(-42)?
107
Suppose 5*s = -2*o + 1896 + 3334, -5*o - 7*s = -13097. List the prime factors of o.
3, 5, 7
Let j be (-87)/9 + 10 - 32/(-3). Suppose 1090 - 9384 = -j*m. What are the prime factors of m?
2, 13, 29
Suppose 10*q - 5*q = 5*o + 45, 0 = -2*o + 4. Suppose 23*z - 1968 = q*z. List the prime factors of z.
2, 41
Let f = 45 - 62. Let i = f + 107. List the prime factors of 1 + ((-8)/2 - i/(-6)).
2, 3
Let t = -18034 + 21995. What are the prime factors of t?
17, 233
What are the prime factors of 6 + (-51)/9 - 30784/(-24)?
1283
What are the prime factors of ((-2973)/(-6))/((17/68)/(6 + 24))?
2, 3, 5, 991
Let u(k) = k**2 + 3*k - 2. Let o be u(1). Suppose -5*g = 0, -o = -q - 0*q + 4*g. Suppose q*i - 178 = -0*i. List the prime factors of i.
89
Let x(c) = c**3 